d 70.
10
Calculate the greatest common factor of 930 and 775.
155
Calculate the highest common factor of 19 and 12179.
19
Calculate the greatest common divisor of 7539 and 105.
21
What is the highest common divisor of 2050 and 50?
50
Calculate the greatest common divisor of 58 and 4.
2
Calculate the greatest common factor of 1630 and 10.
10
Calculate the highest common factor of 45 and 117.
9
What is the greatest common factor of 35 and 1120?
35
What is the highest common factor of 65 and 39?
13
Calculate the greatest common factor of 1107 and 41.
41
What is the highest common factor of 7958 and 23?
23
What is the greatest common divisor of 4 and 90?
2
What is the greatest common divisor of 198 and 1278?
18
Calculate the highest common factor of 1830 and 120.
30
Calculate the greatest common divisor of 28 and 301.
7
What is the highest common divisor of 4270 and 70?
70
Calculate the greatest common factor of 156 and 18.
6
What is the highest common divisor of 5 and 245?
5
Calculate the greatest common factor of 13 and 97.
1
Calculate the greatest common divisor of 15 and 705.
15
What is the highest common divisor of 33 and 880?
11
Calculate the highest common factor of 54179 and 17.
17
What is the greatest common divisor of 330 and 55?
55
What is the greatest common divisor of 750 and 60?
30
Calculate the greatest common divisor of 3 and 1434.
3
What is the highest common factor of 17615 and 13?
13
What is the highest common factor of 34 and 110160?
34
Calculate the greatest common factor of 102 and 12.
6
What is the highest common factor of 396 and 108?
36
What is the greatest common factor of 196 and 168?
28
What is the greatest common divisor of 5889 and 39?
39
Calculate the greatest common factor of 341 and 2573.
31
Calculate the greatest common divisor of 92 and 69.
23
Calculate the highest common divisor of 12 and 2748.
12
What is the greatest common factor of 72 and 10248?
24
Calculate the highest common divisor of 44 and 110.
22
What is the highest common divisor of 930 and 120?
30
What is the highest common divisor of 59 and 767?
59
What is the greatest common divisor of 7 and 5?
1
Calculate the highest common factor of 6 and 309.
3
What is the greatest common factor of 343 and 4?
1
What is the greatest common factor of 325 and 1079?
13
What is the highest common factor of 476 and 204?
68
Calculate the greatest common factor of 18 and 459.
9
Calculate the highest common divisor of 315 and 270.
45
What is the greatest common factor of 119 and 102?
17
Calculate the highest common factor of 486 and 414.
18
Calculate the highest common divisor of 15 and 135.
15
What is the highest common factor of 12 and 604?
4
Calculate the greatest common divisor of 161 and 2.
1
What is the greatest common divisor of 18 and 138?
6
What is the greatest common divisor of 14 and 2681?
7
What is the highest common factor of 204 and 68?
68
Calculate the greatest common divisor of 360 and 18.
18
What is the highest common divisor of 46 and 322?
46
Calculate the greatest common divisor of 26 and 2327.
13
What is the highest common divisor of 25 and 125?
25
Calculate the greatest common divisor of 16849 and 203.
203
Calculate the greatest common divisor of 13923 and 105.
21
What is the highest common divisor of 57 and 627?
57
What is the highest common divisor of 21 and 12390?
21
What is the greatest common factor of 629 and 37?
37
Calculate the highest common factor of 96 and 1992.
24
What is the highest common divisor of 222 and 16206?
222
Calculate the highest common divisor of 1743 and 63.
21
What is the highest common divisor of 110 and 275?
55
What is the highest common divisor of 36 and 20556?
36
What is the greatest common factor of 15 and 30?
15
Calculate the highest common factor of 3999 and 129.
129
Calculate the highest common factor of 71 and 4331.
71
Calculate the highest common factor of 76 and 57.
19
Calculate the greatest common divisor of 144 and 45.
9
Calculate the highest common divisor of 244 and 36844.
244
What is the greatest common divisor of 49 and 441?
49
What is the highest common factor of 195 and 3495?
15
Calculate the greatest common divisor of 117 and 45.
9
Calculate the highest common factor of 17 and 119.
17
What is the greatest common factor of 28 and 63?
7
What is the highest common divisor of 85 and 170?
85
What is the highest common factor of 42 and 777?
21
Calculate the greatest common factor of 413 and 236.
59
Calculate the greatest common divisor of 258 and 946.
86
Calculate the highest common factor of 1440 and 420.
60
Calculate the highest common divisor of 31187 and 13.
13
Calculate the greatest common factor of 909 and 9.
9
What is the highest common factor of 32 and 576?
32
What is the highest common divisor of 11424 and 84?
84
Calculate the highest common divisor of 84 and 546.
42
Calculate the greatest common factor of 725 and 116.
29
What is the highest common divisor of 11 and 4312?
11
Calculate the highest common divisor of 570 and 1482.
114
Calculate the highest common factor of 2034 and 30.
6
Calculate the highest common factor of 97 and 12319.
97
What is the highest common factor of 814 and 22?
22
What is the greatest common factor of 1343 and 17?
17
What is the greatest common factor of 280 and 70?
70
Calculate the greatest common divisor of 48 and 18.
6
What is the greatest common factor of 57 and 76?
19
Calculate the greatest common divisor of 201 and 9.
3
What is the highest common divisor of 645 and 615?
15
What is the highest common factor of 4 and 1148?
4
What is the highest common divisor of 8 and 88?
8
Calculate the highest common factor of 27 and 621.
27
What is the greatest common factor of 21901 and 121?
121
What is the greatest common factor of 10 and 5?
5
What is the highest common divisor of 264 and 360?
24
What is the greatest common factor of 1330 and 350?
70
What is the greatest common divisor of 768 and 240?
48
Calculate the highest common factor of 485 and 97.
97
Calculate the greatest common divisor of 5127 and 6.
3
What is the highest common divisor of 35 and 4395?
5
What is the highest common divisor of 91 and 117?
13
What is the highest common divisor of 8 and 8?
8
Calculate the highest common factor of 12 and 906.
6
Calculate the highest common factor of 301 and 161.
7
Calculate the greatest common divisor of 32 and 4992.
32
What is the highest common factor of 540 and 60?
60
What is the highest common divisor of 455 and 975?
65
Calculate the greatest common divisor of 129 and 688.
43
Calculate the greatest common divisor of 1014 and 312.
78
Calculate the greatest common divisor of 1 and 5.
1
Calculate the highest common factor of 14 and 4.
2
What is the highest common factor of 3562 and 52?
26
Calculate the highest common factor of 18 and 558.
18
What is the highest common divisor of 240 and 125?
5
Calculate the highest common divisor of 135 and 27.
27
What is the highest common divisor of 155 and 20?
5
Calculate the greatest common factor of 46 and 6.
2
What is the greatest common divisor of 180 and 45?
45
Calculate the greatest common factor of 24 and 1878.
6
Calculate the greatest common factor of 4385 and 5.
5
What is the greatest common divisor of 697 and 187?
17
Calculate the greatest common factor of 160 and 608.
32
What is the greatest common divisor of 20 and 254?
2
What is the highest common factor of 15 and 780?
15
What is the highest common factor of 175 and 105?
35
Calculate the greatest common factor of 2834 and 6.
2
Calculate the greatest common divisor of 3549 and 21.
21
What is the greatest common divisor of 4573 and 272?
17
Calculate the highest common factor of 13 and 702.
13
What is the highest common factor of 56 and 203?
7
What is the highest common divisor of 4011 and 42?
21
Calculate the highest common divisor of 806 and 26.
26
Calculate the greatest common divisor of 108 and 90.
18
What is the greatest common factor of 910 and 1456?
182
What is the greatest common divisor of 42 and 28?
14
Calculate the greatest common factor of 75 and 6775.
25
What is the greatest common factor of 5 and 10?
5
What is the highest common factor of 504 and 14?
14
Calculate the highest common factor of 30 and 42.
6
Calculate the greatest common divisor of 1020 and 360.
60
Wh